se -5*n - u = -9517, 0 = 45*n - 49*n + 4*u + 7604. Suppose 11*g + n = 75372. Is g prime?
True
Suppose 103*a = 93*a + 40. Let k(s) = 32*s + 17. Is k(a) a composite number?
True
Suppose -446151 = -5*b + 4*q, -74*b - 89223 = -75*b - q. Is b a composite number?
False
Is -3 + (-4)/((-6)/(-655845)*-5) composite?
False
Suppose 0 = 16*x - 20 - 28. Is x*2/(-4)*-280 - 1 composite?
False
Let p(n) = 217 - 136 - n**2 - n + n**3 + 298. Let c(r) = -238*r - 2618. Let f be c(-11). Is p(f) a composite number?
False
Let p be 2/6*(-2 - -3 - 1). Let y = p - -3. Is 883/y*(20 - 17) composite?
False
Let u be (-55)/15*(0 + -3459). Suppose -u = -4*v + 6113. Is v a prime number?
False
Let x(g) be the third derivative of -62*g**4/3 - g**3/6 - 411*g**2. Suppose 0 = 2*l - 2*v + 12, 2*l = l + 3*v - 14. Is x(l) prime?
True
Let j = 85283 - 50753. Is (8/16)/(3/j) prime?
False
Suppose 5*s = 3*i + 104, 5*s + 46 - 66 = 0. Is (-10596)/i + (-51)/21 + 3 prime?
True
Suppose -24 = -6*b + 3*b. Suppose 8*v - 73169 = -11729. Suppose v = b*r - 1096. Is r prime?
True
Let n = 2079839 - 680842. Is n prime?
True
Let m(c) = -c**3 + 4*c**2 - 5*c + 8. Let n be m(3). Let a(q) = -27*q**2 + q + 1. Let h be a(n). Let s = -50 - h. Is s a composite number?
True
Suppose -i - 2*i = -2*n + 10020, -5*n - 3*i = -25092. Suppose k - 7871 = -4*g, -3*g + 3*k + n = -876. Is g a composite number?
True
Let i = 15 - 10. Let r(g) = 3 + 14*g**2 - 10*g + i*g**2 - 3*g. Is r(5) prime?
False
Is ((-335)/1005)/(2/(-2334)) a prime number?
True
Let q = 3762 - 16075. Let v = -2504 - q. Is v prime?
False
Is (130337/(-4))/((-1890)/126 + 59/4) composite?
False
Suppose -7 = 13*s - 14*s, -6*r = 4*s - 87970. Is r prime?
True
Suppose -2*n = 2*o - 8, 6 = -4*o + 5*o - n. Suppose -4*q + 1651 = o*l - 4*l, 5*q - 4*l = 2069. Is q composite?
True
Let c(b) = -6935*b + 136. Is c(-37) composite?
True
Let w = 29379 + -19660. Is w prime?
True
Let n be 19/(-19) + (4 + -2 - -5). Suppose 0 = 12*b - n*b - 4422. Is b prime?
False
Let g(j) = j**2 - 11*j - 13. Let d be g(12). Let q be (2 - (-2 + 5))*(-2)/d. Is 0 + q - (-2445)/5 composite?
False
Suppose 9 = 4*o + 3*v, -5*v = -5*o - 0*v - 15. Suppose 5*a - 10 = -0*s - s, o = -5*a + s + 10. Is -1*(1529 + a)*-1 a composite number?
False
Suppose 0 = -j + 5*d + 57384 + 75009, 264802 = 2*j - 6*d. Is j a composite number?
True
Is (-204)/72*(-6 - 6900) a composite number?
True
Let i(j) be the second derivative of 35*j**3/2 + 3*j**2/2 + 11*j. Let q be i(1). Suppose 5*c = 3*g + 733, -4*g = 3*c - 355 - q. Is c prime?
True
Suppose -3*v + 267 = -3*t, 2*v + 7*t - 175 = 10*t. Is v/(-322) + (-4636)/(-7) composite?
True
Suppose 23*g - 398936 + 111927 = 230514. Is g prime?
True
Let y = -143 + 152. Let a(i) = -i + 27. Let q be a(13). Suppose -q*l = -y*l - 31745. Is l composite?
True
Let g be (-1)/3 - 38/(-6). Let d be (-18)/((-8)/(-12)*9/(-3)). Suppose d*k - g*k = 1017. Is k a prime number?
False
Suppose -3*s + 2*y - 9 = 8, 0 = 4*s + y + 19. Let o(a) = -18*a**3 + 3*a**2 + 14*a + 12. Is o(s) a composite number?
False
Let r(y) = 4*y - 11. Let u be r(5). Let w(z) = 2 + u + 9*z + 18*z**2 - 5*z**2 - 2. Is w(5) a prime number?
True
Let l(g) = g + 5. Let m = 4 - 6. Let p be l(m). Suppose -p*d + 755 = -124. Is d a prime number?
True
Suppose -9*t + 10*t = -25. Let r(p) = -264*p + 29. Is r(t) composite?
True
Let d = -72791 - -103651. Suppose 12*v + d = 14*v + 2*x, -5*v = -5*x - 77120. Is v prime?
True
Suppose -3*h = -7*h + 8. Suppose 0 = h*x - 11*x + 99. Suppose x*b + 821 = 12*b. Is b a prime number?
True
Let k(p) = 413*p**2 + 2*p + 1 - 4*p + 0. Let f = 1763 - 1765. Is k(f) prime?
True
Let s be (0 - 0) + 0 + -11 + 16. Suppose -d + 3530 = -3*h, d - 1260 = s*h + 2276. Is d a composite number?
True
Let a = -107 - -111. Suppose 5*d = -4*h + 12297, -3*h + 9850 = a*d - 6*h. Is d a composite number?
True
Let v = 27 + -20. Suppose 9*l - 1962 = v*l. Suppose -3*c + 1038 + l = 0. Is c composite?
False
Let j = -214173 - -458260. Is j prime?
True
Let c(l) = -235*l**3 + 21*l**2 + 93*l - 246. Is c(-11) prime?
False
Suppose -6*y + 71 - 59 = 0. Suppose -5*z + 8*f - 3*f = -12010, y*z + 3*f - 4829 = 0. Is z composite?
True
Let r(o) = 23*o**3 - 40*o**2 - 27*o + 23. Let c(n) = 6*n**3 - 10*n**2 - 7*n + 6. Let z(p) = -9*c(p) + 2*r(p). Is z(-7) a prime number?
True
Let c(u) = 18201*u + 478. Is c(7) composite?
True
Let t(r) = 49646*r**2 - 82*r - 170. Is t(-2) a prime number?
False
Suppose 0 = 25*a - 27*a - 2*v + 1293542, 4*v - 1940307 = -3*a. Is a composite?
True
Suppose -2*j + 8 = -0*j. Let n(g) = -6*g + 4 + 0 + 22*g + 1 - 8*g. Is n(j) prime?
True
Let y(l) = -8*l - 14. Let f be y(-4). Suppose -13*r - 3620 = -f*r. Let g = 1355 - r. Is g a prime number?
True
Let u = 29568 - 6214. Suppose 5*z = 3*z + u. Is z a composite number?
False
Let y(n) = -2737*n - 151. Is y(-26) a composite number?
False
Is -191703*((-10)/18 + 20/90) prime?
True
Let y(n) = 34896*n**2 - 302*n + 1491. Is y(5) a prime number?
True
Let l(t) = 2*t + 30. Let d be (-6)/9*(-39)/(-2). Let m be l(d). Is (6/18)/(m/12108) a prime number?
True
Suppose 3*r + 7 + 16 = -4*g, -1 = -2*g + r. Is (-1059)/(-6)*(1 + g + 7) a prime number?
False
Let g = 102554 - -110567. Is g composite?
True
Suppose 992*s + 892208 = 1008*s. Is s prime?
True
Let w(m) be the third derivative of m**6/60 - 3*m**5/20 - 5*m**4/12 + 13*m**3/6 - 41*m**2. Is w(12) a composite number?
False
Let x(d) = 2*d**3 + d**2. Let r(u) = -30*u**3 - 14*u**2 - 7*u + 15. Let j(c) = -r(c) - 3*x(c). Is j(8) prime?
True
Let u(b) = 302*b - 367*b - 995*b + 3. Let t be u(-1). Let o = 2462 - t. Is o composite?
False
Let l(b) be the second derivative of b**4/4 + 16*b**3/3 - 5*b**2/2 - 1540*b. Suppose -66 = 4*x - x. Is l(x) a composite number?
False
Let a(b) = -b**2 + 5*b + 4. Let h be a(4). Suppose -227*n = -232*n, 0 = -5*p - 4*n + 10. Suppose 8382 = h*k - p*k. Is k composite?
True
Suppose 5*w + 25 = 0, 6*g + 3*w = 5*g + 22919. Is g a composite number?
True
Let x(s) = 47299*s + 3849. Is x(8) a prime number?
True
Suppose 28*j - 5*b - 106649 = 24*j, j + 3*b = 26692. Is j a prime number?
False
Suppose -76*l + 6118250 + 19268694 = -12*l. Is l a composite number?
True
Suppose 5*l + 4689 = 4*q, -q - 4*q = l + 932. Let a = 2252 + l. Is a composite?
True
Suppose -2044 = -2*m - 0*m + 3*s, -3*s = -4*m + 4082. Suppose 128*y = 122*y + 4128. Let a = m - y. Is a a composite number?
False
Let y = 225 + -229. Is (26/y + 4)/((-1)/3734) a prime number?
False
Let o be (-1706 - 0)/(1*(-3)/6). Let d = o - 1478. Is d a composite number?
True
Let s(l) = 1454*l + 349. Is s(17) a prime number?
False
Let u be (2680/55)/8 - (-2)/(-22). Suppose u*r - 20*r = -12698. Is r a composite number?
False
Suppose 2*g + g = o + 10, 5*o = 4*g - 6. Suppose 111*v - 113*v + g = 0. Is (1*-1)/(609/(-301) + v) a prime number?
True
Let j(p) = 2*p**2 + 9*p + 9. Let u be j(-4). Suppose n - u = -2. Is 8 + -7 + 744/n a composite number?
True
Is (-1)/(529/(-64089983)) + (-4)/46 a prime number?
False
Is (2 - 273841/(-4))*((-300)/45 + 8) composite?
False
Let d be 2985/(2*4/24). Let l = 15554 - d. Is l a composite number?
False
Suppose -3644811 = -17*u + 5148626. Is u prime?
True
Suppose -9*q = -15*q. Let l be 2*(q + -1) - 2063/(-1). Suppose -o - l - 367 = -5*u, o = -u + 482. Is u composite?
True
Suppose 26*v = -33*v + 979518. Let m = -6 - 1. Is (2/(-4))/((-116217)/v - m) a prime number?
True
Let q be ((-3)/5 - 0)*-5. Suppose 4*g + z = -62, g - 92*z = -95*z - 10. Is ((-28)/g - q/4)*3259 a composite number?
False
Let m = 6933 + -10790. Let n = m + 6540. Is n composite?
False
Suppose 0 = 283*g - 277*g - 53046. Let o = g - -2344. Is o prime?
False
Let p be ((-10)/4)/((-3)/(-24)). Let c(a) = -74*a - 658. Let b be c(-9). Is (-14065)/p - 2/b a prime number?
False
Let h be -1*2*(-30)/12. Let t be 3*(68/12 + -4)*183. Suppose -744 = -4*d - 2*r, 0 = -5*d + h*r - 0*r + t. Is d a composite number?
True
Let x(y) = y - 7. Let a(c) = 9*c - 17. Let s be a(3). Let o be x(s). Suppose -o = -4*z + 257. Is z a prime number?
False
Let z be -3*1388/(-36)*18. Let b(p) = -3*p**3 - 5*p**2 + 10*p + 9. Let o be b(-8). Let v = z - o. Is v composite?
False
Suppose 3*s = -5*f + 8882, -21*f = -19*f - 2. Is s composite?
True
Let j(z) = -15732*z - 355. Is j(-31) prime?
False
Let u(i) = -54*i**3 - 17*i**2 + 419*i + 13. Is u(-14) composi